e 0 = 4*g + 3*u - 39 - 1, 0 = 3*u - 12. Suppose 6*w = g*w + 192. Let y = -81 - w. Is y prime?
False
Suppose -4*d + 18457 + 4529 = 5*t, -2 = t. Is d a composite number?
False
Let f = -166 - -1549. Is f a composite number?
True
Let a(m) = 16*m**2 - 19*m + 104. Is a(27) a composite number?
True
Let g(c) = 67*c**3 - 12*c**2 - 25*c + 3. Let b be g(10). Suppose 0 = -10*i + b - 12943. Is i a composite number?
False
Suppose 52700 = 32*u - 165060. Is u a composite number?
True
Let u = 0 + 47. Let l = u - -247. Let d = 435 - l. Is d prime?
False
Let p = 2626 + -1412. Is p prime?
False
Suppose 3*h + 8 = g - 1, 4*g = 12. Is (149/5 + -3)/(h/(-5)) a composite number?
False
Let s be 861/4 - 6/(-8). Suppose 80 = o + s. Is o/8*(-11 + 0) composite?
True
Let k = 111 - 78. Suppose 0 = 31*j - k*j + 194. Is j a composite number?
False
Let i(w) = -w**2 + 9*w + 1. Let p be i(9). Let q(m) = 754*m - 3. Is q(p) prime?
True
Let f(t) = -40*t**2 + 2 - 2*t + 19*t**2 + 206*t**2 - 4. Is f(-1) prime?
False
Let n = 15418 + -10109. Is n prime?
True
Suppose -2*k - 4*s + 32605 = -k, 4*k = 2*s + 130420. Is k a composite number?
True
Suppose g - 5 = 5*b, 3*g - 2*b - 15 = 13. Is 0/g + 519 + 2 a prime number?
True
Suppose -14495 - 12648 = -n. Is n a composite number?
False
Let b(y) = y**3 + 9*y**2 + 7*y - 1. Let o be b(-11). Let g = o + 577. Is g a prime number?
True
Suppose 3*c + 5*f = -16, 5*c - 35 = 4*f - 0. Let n(w) = w - 3. Let p be n(c). Suppose 2*q - 3*a - 190 = p, -5*q = -5*a - 417 - 58. Is q composite?
True
Let j(q) = q**2 + 3*q - 5. Let k be j(-5). Suppose d = -k*y + 2*y + 2034, d + 2705 = 4*y. Is y composite?
False
Suppose -4*q + 1 + 11 = 0. Let j(y) = 0*y**q - y**2 + 3*y**3 - 5*y**3 - 2*y + 4*y**3 - 5. Is j(3) a composite number?
True
Suppose -7359 = 4*a - 27015. Suppose o = 10*o - a. Suppose 0*v + o = 6*v. Is v a prime number?
False
Let i = 2592 + -1169. Is i composite?
False
Suppose 0*k - 4*k = -88. Suppose 0 = -3*y - 2*l + 13, 5*l - k = -2*y - 2*y. Suppose 2*t + 2367 = y*b, -4*t = -0*t + 12. Is b a prime number?
True
Let a be (-44)/(-16) - (-1)/4. Suppose -2*h - u = -21, -2*u - a = -h + 5. Is ((-106)/h)/((-8)/40) a composite number?
False
Let x = -98 - 257. Let b = 654 + x. Is b a composite number?
True
Suppose 58*b + 276 = 64*b. Is b composite?
True
Let s = 162318 - 74072. Is s a prime number?
False
Suppose 3348 = d + v, -8*v + 7*v - 10064 = -3*d. Is d a composite number?
True
Let u(y) = y**2 - 7*y - 6. Let v be u(8). Suppose 619 + 261 = v*f. Let r = f + 11. Is r prime?
False
Suppose -7*i + 2*i = 35. Let y = 8 + i. Is (-1 + y - 1)*-211 a composite number?
False
Suppose -4*s + 198 + 6 = 0. Suppose -5*h - 148 = -2*q, 0 = 3*q - 5*h - 176 - s. Is q composite?
False
Suppose -3*z = 3*q - 6, 4*z - 5*q - 20 - 15 = 0. Suppose 0 = -2*b - z*b + 19439. Is b prime?
True
Suppose s - 33 = 35. Let v be (-51 - (-3 + 2)) + 2 + 1. Let g = s + v. Is g composite?
True
Is 1/(((-10)/15)/(18764/(-6))) composite?
False
Let k(d) = 4*d**3 + d**2 + d + 20789. Is k(0) a composite number?
False
Let v = 375 + 212. Is v prime?
True
Suppose 3*q = 11 + 7. Suppose -q*n = -n - 1465. Is n a prime number?
True
Suppose -5*q = -3*i + 4*i - 7, -5*i + q + 61 = 0. Let c(n) = 4*n + 12. Let l be c(i). Let p = l + -23. Is p prime?
True
Let s be 3/12 - (-27)/(-12). Let h(f) = -12*f**3 + 5*f**2 - 2*f + 1. Let g be h(4). Is s/(-8) + g/(-20) a prime number?
False
Let t be 2 - 55/(2 + 3). Is 6752/72 - 2/t a composite number?
True
Suppose -18 = 4*g - 30. Let i(m) = 0 - 13*m - 2*m**3 - 12*m**2 + m**3 + 1 + g*m**2. Is i(-9) a prime number?
False
Let r(x) = -5*x**3 + 12*x**2 - 8*x + 5. Let n(k) = -5*k**3 + 11*k**2 - 7*k + 5. Let d(j) = 5*n(j) - 4*r(j). Is d(-4) prime?
True
Let m = 295 - -431. Let h = m - 259. Is h a prime number?
True
Let o(x) = x**3 - x**2 - x - 83. Let k(b) = -1. Let m(a) = -2*k(a) - o(a). Is m(0) a prime number?
False
Suppose -5*q + 706 = 3*l, -5*q - 479 = -l - l. Let y = l - 78. Suppose -g - y = -3*j + 4*g, -4*j + 212 = 3*g. Is j composite?
False
Suppose -47 = -6*c + 37. Let a(y) = -3*y**2 + 15*y + 7. Let o(r) = 10*r**2 - 44*r - 20. Let f(j) = 7*a(j) + 2*o(j). Is f(c) a composite number?
True
Is (1*2/6)/((-52)/(-1083732)) a composite number?
False
Let q be 96*(6 + -8 + (-438)/(-4)). Suppose -4*d - l + q = 0, -664 - 7081 = -3*d - 2*l. Is d a prime number?
True
Let f = 14 + -19. Let i = f - -10. Suppose -2*w + i*w = 4*b - 493, -3*b = 3*w - 396. Is b composite?
False
Let c be 15/6*(2 - -930). Let o = c - 1599. Is o a prime number?
False
Suppose 0 = 54*t - 55*t + 865. Is t prime?
False
Let z(j) = -39*j + 28. Let g = -28 + 11. Is z(g) prime?
True
Suppose m + 3*u - 660 = 175, 3*u + 9 = 0. Suppose 6*b - 2*b - m = 0. Is b a prime number?
True
Let o = -11 - -9. Let n(m) = 3*m**2 - 2 + 2 - m - 4*m - 3. Is n(o) composite?
False
Let x(i) = -9*i**2 + 3*i - 29. Let t(c) = 19*c**2 - 5*c + 59. Let g = 34 - 38. Let d(h) = g*t(h) - 9*x(h). Is d(-11) prime?
False
Suppose 2*m = 2*h - 68, 0 = 5*h + 2*m - 71 - 71. Suppose 123 = 2*s + 5*z, s = -5*z + 24 + h. Is s prime?
False
Let w = 9 + -5. Suppose 4*u + 0*z + 688 = w*z, 5*u - 3*z = -850. Is 8/(-4) - -1 - u a composite number?
True
Let a be (-1)/(4/(-8)*1). Suppose 139 = 4*y - n - 325, a*y + 2*n = 242. Suppose 3*d + 4*q = q + y, -3*d + 92 = -2*q. Is d prime?
False
Suppose 0 = 3*d + 15, z + d - 2502 = 3482. Is z a composite number?
True
Suppose 0 = -3*f + 20*f - 67439. Is f composite?
False
Let n(o) = 369*o + 119. Is n(6) a prime number?
True
Let z(u) be the second derivative of u**5/60 - u**4/12 - u**3/2 + 5*u**2/2 + 3*u. Let b(i) be the first derivative of z(i). Is b(10) a composite number?
True
Suppose 5*k - 11834 = -3*s, -7883 = -2*s - 9*k + 12*k. Is s a prime number?
True
Let v be 1*(-3)/(-1) + -1. Suppose v*x = x + 82. Is (1/1)/(1/x) prime?
False
Let f = 1489 + 1148. Suppose 4*p - 2665 = -4*y + 3*y, -y + 3*p + f = 0. Is y prime?
False
Let r = -42 - 23. Let o be (-10)/r - 908/(-13). Let k = o - -4. Is k a composite number?
True
Let b be 0/5*2/4. Suppose 2*g + 190 - 20 = b. Let s = 118 - g. Is s composite?
True
Suppose -5*z = -6*z + 2. Suppose -3*p + 10 = z*p, p + 3775 = 3*j. Is j prime?
True
Let q = 15988 - 2239. Is q prime?
False
Let q be 2/2 + (-2)/(-2). Suppose 0 = q*z - 3*c + 23, 2*z + 26 = -3*z - 3*c. Is 2*((-11732)/8)/z a composite number?
False
Suppose 2092 - 466618 = -18*u. Is u composite?
True
Suppose 2*j + 2 = 0, 2*l = l + j + 9012. Is l prime?
True
Suppose 38*z + 2*f - 174687 = 33*z, z - 5*f - 34959 = 0. Is z prime?
True
Let o(z) = z**2 + 2*z + 1. Let i be o(-4). Is (-118)/(-6)*(-3 + i) a composite number?
True
Suppose 0 = -3*g - 3*g + 11742. Is g composite?
True
Is (-843 + 0)*17819/(-309) composite?
True
Let k be 8/(-2) + -49 + 5. Is 2217 + (k/(-28) - 4/(-14)) a prime number?
False
Let d = 4528 + 2091. Is d a prime number?
True
Let i(f) = -180*f + 6. Let k be i(10). Is (-27)/18 - k/4 a composite number?
True
Let k(h) = h + 3. Let z be k(3). Suppose 0 = -2*r + z*r - 1580. Is r a prime number?
False
Let l be (-232)/(-4) + -2 + -4. Let b = l - 30. Suppose -4*u + 166 = -b. Is u a prime number?
True
Suppose -4*t + t + 6 = 0, -3*t = -2*w + 3504. Let j = 448 + w. Is j prime?
True
Let t(n) = -n**3 - 11*n**2 - 31*n - 7. Let i be t(-4). Let x(r) be the third derivative of 61*r**4/24 - r**3/3 + r**2. Is x(i) prime?
False
Suppose -58020 = -10*m + 5*m + 5*a, -4*m - a = -46391. Is m prime?
False
Suppose 5*x = -5*o - 914 + 3689, 0 = -x + 2. Is o a composite number?
True
Is ((1 - 9) + 10)/((-2)/(-26249)) composite?
False
Let f be 91/28 - 1/4. Suppose -477 = -0*n - f*n. Suppose a = -2*a + n. Is a composite?
False
Is (-3)/2 + 2*(-881)/(-4) a composite number?
False
Let j = -10 - -11. Let x(u) be the first derivative of 191*u**4/4 + 2. Is x(j) prime?
True
Suppose -29*b + 17117 = -9186. Is b a prime number?
True
Let i be (0/1)/((-10)/(-5)). Suppose -y + 4*y = i. Suppose 2*n - 814 = 5*d, -5*n - 4*d = -y*d - 2035. Is n a prime number?
False
Let w = 11 - 11. Suppose w = -8*a + 5*a + 555. Suppose 0 = -0*m + 5*m + n - 197, -a = -5*m + 5*n. Is m composite?
True
Let x(s) = -5*s + 2599. Is x(0) a composite number?
True
Let o = 8880 + -3991. Is o composite?
False
Let r(i) = -7*i - 2. Let x be r(-14). Suppose -2*n + x = 12. Is 34*(n/4 + -1) prime?
False
Let z be ((-228)/(-10))/(2/(-